
False
Let w be (-2)/(-8) - (-2)/(-8). Suppose w = 3*m + 2*m - 190. Suppose -4*j + 278 = -m. Is j a composite number?
False
Suppose -5*r = -3*y - 197762, -4*r = 4*y - 3*y - 158213. Is r prime?
False
Suppose 0*n - 16*n + 135312 = 0. Is n composite?
True
Let z = 134 - -60455. Is z composite?
False
Let j = 31 - 31. Suppose 0 = -6*t - j*t + 2922. Is t a composite number?
False
Let x = 2 - -3. Let c(w) = -10*w**2 - 1. Let q be c(-1). Is 3*q/(-3)*x a composite number?
True
Let w(q) = -19*q**2 + 9*q**2 + 6*q**2 + 3 - q + 9*q**2. Is w(-4) a composite number?
True
Is 21*7/98*35458/3 composite?
False
Let y be -1*4*(-4)/8. Suppose -y*w + 3*n + 2 = -6, 4*n = 0. Suppose -77 = -w*m + 631. Is m prime?
False
Suppose 3*l + 35 = 8*l. Let y(a) = a**3 + l + 3*a**2 - 6*a + 4*a**2 - 21. Is y(-6) composite?
True
Suppose -823 = 2*v - 3*v. Suppose -j = u - 832, j + v = u - j. Is u prime?
True
Let i(t) = 100*t**2 + 9*t + 46. Is i(-7) a composite number?
True
Suppose -7*j = -2*j. Suppose j = -0*a - 4*a + 572. Is a a composite number?
True
Let a be 33/6 - 6/4. Suppose -2*z - 3*v + 1816 = 0, a*z - 674 = 2*v + 2974. Is z prime?
True
Let l(u) = 67*u + 3. Let r be l(5). Suppose -r = 3*y - 1496. Let a = y + -79. Is a a prime number?
True
Is 0 - 4/30 - (-585937)/165 prime?
False
Let l(z) = -z**2 + 11*z - 12. Let m be l(7). Suppose 20*j - 20 = m*j. Suppose -1122 - 943 = -j*c. Is c a prime number?
False
Let i = 50 + -47. Suppose 5*c - p + 0*p - 8463 = 0, -i*c + 5081 = p. Is c composite?
False
Suppose -1572*m = -1567*m - 8205. Is m a prime number?
False
Suppose 5016 = 3*o + 5*k, -3343 = -0*o - 2*o - 3*k. Let f = o - 858. Is f a composite number?
False
Let p be (-2 - 0) + (-7)/(21/(-3753)). Suppose 2*v + 3*u = 2509, -2*u = -v + 2*u + p. Is v composite?
True
Let m(w) = 4*w - 17. Let k be m(5). Suppose -472 = -2*c - 2*a, -2*a = 2*c + k*c - 1165. Let t = c + -86. Is t prime?
False
Let l = 17057 - -2604. Is l prime?
True
Let g be ((-57)/(-6))/(3/6). Let y = 12 + g. Is y a prime number?
True
Let z(s) = 93*s**2 + 30*s - 230. Is z(9) composite?
False
Let k(l) = l**3 - 13*l**2 - l + 9. Let t be k(13). Let h(j) = -54*j - 5. Is h(t) composite?
False
Suppose -31 = 2*j + 15. Let k = 87 - j. Is 1/((-1)/(-3)) + k a composite number?
False
Suppose -27858 = 2*n - 8*n. Is n a composite number?
False
Let a be (-133)/(-28) + 2/8. Suppose 2*z - 6 = 2*d + 122, 0 = a*d - 25. Let f = -48 + z. Is f composite?
True
Let u(k) = 14*k**2 - 19*k + 30. Is u(13) a composite number?
True
Let j = -384 - -814. Let n = j + 1601. Is n a prime number?
False
Suppose -9905 = 7*i - 12*i. Is i a prime number?
False
Let j = -2335 - -16578. Is j a composite number?
False
Suppose t = 6*t - i + 1308, t = 2*i - 267. Let u = 1193 - t. Is u a composite number?
True
Suppose -2*y + 23*y - 8799 = 0. Is y prime?
True
Let k be ((-73)/(-3))/((-5)/30). Let f = -33 + k. Let i = 405 + f. Is i composite?
True
Let m be 0 + (-11)/((-33)/36). Suppose 0 = -2*r - 2*r + m. Is (-79 + r)*1/(-4) a prime number?
True
Let r(y) = -34*y + 36187. Is r(0) composite?
False
Suppose -3*c + 393 = -4*n, 8*n - 505 = -4*c + 7*n. Is c composite?
False
Suppose 7*m = -35*m + 122766. Is m composite?
True
Suppose 3*j - 3*j = -2*j. Suppose -2*d + 3*n + 1083 = j, d - n - 548 = -6*n. Is d composite?
True
Suppose 9*v = 10*v - 1102. Let n = 1595 - v. Is n prime?
False
Let t = 4106 - -317. Is t composite?
False
Let a = -5911 - -8770. Is a prime?
False
Is 6 + (-2 - -9) + 3220 a composite number?
True
Let d = 6073 - 4123. Let a = 2787 - d. Suppose 5*t - a = 2888. Is t prime?
False
Let b be ((-12)/8)/(3/(-6)). Let f be -178*1/(-6)*b. Suppose -2*n + 387 = f. Is n composite?
False
Suppose 10 = -x + 99. Let s be ((-4)/5)/((64/(-20))/8). Suppose 180 = s*b - 3*q, -3*b - q = -4*b + x. Is b prime?
False
Suppose 2*c + 6 = 0, -4*i + 3*c + 2*c + 8875 = 0. Is i prime?
False
Let c = -29 - -18. Let y(m) = -m**3 - 10*m**2 - 8*m + 2. Is y(c) prime?
True
Let w(y) = 65*y**3 - 9*y**2 + 20*y - 25. Is w(6) composite?
True
Let p(u) = -3*u**3 + 94*u**2 - 8*u + 6. Is p(31) prime?
True
Suppose 150 = 44*w - 29*w. Let c(u) be the third derivative of -u**6/120 + 11*u**5/60 + u**4/12 + 7*u**3/6 + 2*u**2. Is c(w) composite?
False
Let j = -4693 - -8130. Is j a composite number?
True
Let n(l) = -297*l - 5. Let w be n(-9). Suppose -4*i = -5*j - w, -2*i + 5*j - 667 = -3*i. Is i a prime number?
False
Suppose 877 = -11*f + 12*f. Is f composite?
False
Let q(l) = -85*l - 16. Let y = -32 - -58. Suppose 3*t - 57 = 3*o, -2*o - y = -0*o + t. Is q(o) a prime number?
True
Suppose -2*n = -18 - 12. Is (-9)/n + 8416/10 a prime number?
False
Suppose p = 6*p + 50. Suppose -86 = 24*y - 134. Is 352/10 + y/p a prime number?
False
Suppose 0*u + f = -2*u, -2*f = 3*u + 2. Suppose u*x = 8, 0*t - 3*x = t - 691. Is t prime?
False
Let u(b) = -b + 4. Let v be u(1). Suppose 9*c - v*c - 894 = 0. Is c prime?
True
Suppose -o = 3*o - 12. Let k(i) = 11*i**2 + 2 + 2 + 3*i - i. Is k(o) prime?
True
Let n be 8*(4 + 0 + -3). Let c be ((-6)/(-9))/(n/84). Suppose -5*a + 3*b + 484 = 0, -2*a + b - 472 = -c*a. Is a a composite number?
True
Suppose x - 5653 - 10317 = 0. Suppose 3*v - x = -7*v. Is v prime?
True
Suppose 0*x = 5*x. Suppose l - 203 = -0*l. Suppose y - 570 + l = x. Is y prime?
True
Let q = -20858 + 30865. Is q a prime number?
True
Suppose 0 = -3*c + 15, 2*c = -2*a - 0*a. Is (5036/10)/((-2)/a) a prime number?
True
Let o(k) = 2*k**2 + 27*k. Is o(5) a composite number?
True
Let i be (-526)/6 - 14/42. Let u = 321 - i. Is u prime?
True
Is (4 + 44/(-8))/((-6)/24428) composite?
True
Suppose 7557 = 3*f + 4*u, 4*f - 4503 = 5*u + 5573. Is f composite?
True
Is 4*(-40)/32 + 21688 a prime number?
True
Let p(n) = n**3 - 12*n**2 - 13*n + 7. Let t be p(13). Let c(j) = -2*j - 7. Let h be c(t). Is (-4674)/h + (-3)/(-7) composite?
False
Suppose k = 3*l - 3, 2*k - 3*k - 2*l = -2. Suppose 5*b = -2*x + 3*b + 8, -3*x - b + 10 = k. Is 1 - -2 - (-181 - x) prime?
False
Suppose 20*p - b = 17*p + 69130, -4*p + 92167 = 5*b. Is p a prime number?
False
Suppose -9*h = -8*h - 26. Let r be 39/h*(-16)/(-6). Suppose 2*q = 2*c - 604, -1579 = -r*c - 3*q - 336. Is c a composite number?
False
Let u be (3 + -25)*(-8 - -3). Suppose 0 = 49*t - 51*t + u. Is t a prime number?
False
Suppose -7*c + 595 = -2*c. Suppose -c = -o - 3*g + g, 3*o - 372 = -g. Let t = o - 67. Is t prime?
False
Let h = -9139 + 14726. Is h a composite number?
True
Let o be (2 + (3 - 1))/((-6)/1956). Let t be (0 + 1842 + -3)*1. Let g = t + o. Is g prime?
False
Suppose -5*x + 3*x - 1480 = -2*v, 0 = x - 3. Suppose -182 = 3*y - v. Is y prime?
False
Suppose -3103*x + 3111*x = 726296. Is x a composite number?
False
Let o(p) = -2*p - 4*p**3 + 5*p**2 + 5*p**3 + 3*p**3 - 11 - 6*p. Is o(6) prime?
False
Let m = 493 + 395. Is m + (-20)/5 + 3 prime?
True
Suppose 5*w = 6*w - 105. Suppose 5*q + w = a - 159, q = a - 260. Is a prime?
False
Let b = 30 - 13. Let f(n) = 5*n - 54. Is f(b) composite?
False
Let i(x) be the third derivative of x**6/120 + x**5/60 - x**4/24 - x**3/2 + 6*x**2. Let h be i(0). Is -2 + h/((-12)/1276) a composite number?
False
Suppose 4*o = -4, a + 2*a - 969 = 3*o. Suppose a = 5*y - 2608. Is y a composite number?
True
Suppose t - 3 = 2. Is (-2)/2 - (-1060)/t a prime number?
True
Let u = 9 + -8. Let w be (-1)/u - (1 + -2). Suppose w = -2*b + n + 4*n - 9, b = n. Is b a prime number?
True
Suppose -4*z = 4*s - 1868, 0*s - 3*z = 2*s - 934. Is s prime?
True
Suppose 0 = -2*d - 7*d + 27. Suppose -3*z = 0, 0 = -d*n - 0*n + 3*z + 7359. Is n prime?
False
Suppose 0*q - 3*q = 3*b - 12, -4*q + 12 = 2*b. Suppose v - 472 = q*j - 5*j, -j + 160 = 3*v. Is j prime?
True
Suppose 4*p - p - 9 = 0. Let a(d) = 90*d - 1. Let k be a(p). Let z = k - 78. Is z a prime number?
True
Let x be -2519 + (36/3)/4. Let d = 3667 + x. Is d a composite number?
False
Suppose 0 = -9*w + 4*w + 10440. Suppose 766 - w = -g. Suppose 5*j + 27 = g. Is j composite?
True
Let w be 1 - -12 - -1*(-1 + -1). Is 297/w - (-3 - -8) a prime number?
False
Let m = -375 - -258. Let i = 278 + m. Is i composite?
True
Let n = -17 - -13. Is (-8)/32 + (-1 - 5545/n) a prime number?
False
Let m = 931 - 1368. Let c = -259 - m. Is c composite?
True
Suppose -5*g = -0*g - 15. Suppose -2*w = -g - 9. Suppose 2*c - w*c = 2*z - 1590, 2*c + 1596 = 2*z. Is z a prime number?
True
